e the greatest common divisor of 781720 and 6280.
40
Calculate the greatest common factor of 4345025 and 4530.
755
Calculate the highest common factor of 3672 and 190614438.
918
Calculate the greatest common factor of 16 and 268893904.
16
What is the greatest common factor of 15932450 and 2325?
775
Calculate the greatest common factor of 321 and 407383668.
321
Calculate the highest common divisor of 7815 and 194805.
15
Calculate the highest common divisor of 1304 and 168472.
8
What is the highest common factor of 78 and 772824?
78
Calculate the greatest common factor of 25437 and 3599.
61
Calculate the greatest common factor of 10992 and 281784958.
458
Calculate the greatest common divisor of 14 and 1553395312.
14
Calculate the highest common divisor of 285559014 and 6396.
3198
What is the greatest common factor of 1313 and 2052102?
13
Calculate the highest common factor of 4149225 and 2700.
675
What is the greatest common divisor of 35 and 30696470?
35
Calculate the highest common divisor of 13072 and 2987640.
344
Calculate the highest common factor of 48 and 1017867.
3
What is the highest common divisor of 5110 and 202896638?
1022
What is the highest common factor of 12427101 and 18?
9
What is the highest common divisor of 1674 and 43813602?
1674
What is the greatest common factor of 172672 and 4839928?
568
What is the highest common factor of 471682 and 51?
17
Calculate the greatest common divisor of 49001 and 41971.
19
What is the highest common factor of 392204 and 196244?
284
Calculate the highest common factor of 1058 and 28183533.
529
Calculate the highest common divisor of 11300234 and 65494.
5038
What is the greatest common factor of 3600454 and 341?
11
Calculate the highest common factor of 63 and 4813389.
63
Calculate the highest common divisor of 23062 and 28808.
26
What is the highest common divisor of 166230168 and 6?
6
Calculate the highest common divisor of 1945369269 and 9.
9
Calculate the highest common factor of 2604552 and 6016.
376
What is the highest common divisor of 4661 and 2925133?
79
Calculate the greatest common factor of 1829400344 and 664.
664
Calculate the greatest common factor of 2520920 and 7688.
248
Calculate the highest common divisor of 24782190 and 16770.
1290
Calculate the highest common factor of 2028105 and 465.
15
Calculate the greatest common divisor of 11668987 and 4675.
187
What is the greatest common factor of 7793 and 59?
1
Calculate the highest common divisor of 310935357 and 3242.
1621
Calculate the highest common divisor of 98651434 and 14298.
4766
Calculate the highest common factor of 154 and 16416939.
77
Calculate the highest common factor of 1301063 and 361.
19
Calculate the highest common divisor of 9729 and 21835119.
3243
What is the greatest common divisor of 12 and 428565?
3
What is the highest common factor of 518663 and 7767?
863
What is the highest common factor of 321301302 and 42?
42
Calculate the highest common divisor of 1 and 2612039.
1
What is the highest common factor of 2652329 and 389485?
1277
What is the greatest common factor of 2 and 1252131?
1
What is the greatest common factor of 339055521 and 83787?
7617
What is the highest common divisor of 5130 and 5004315?
2565
Calculate the greatest common divisor of 2232 and 24518365.
31
What is the highest common factor of 11648028 and 184?
92
Calculate the greatest common factor of 453 and 15353378.
151
What is the greatest common divisor of 362637 and 183557?
4477
Calculate the greatest common divisor of 11073080 and 1480.
40
What is the highest common factor of 12273492 and 15873?
1221
What is the greatest common divisor of 15276 and 91319124?
804
Calculate the highest common factor of 546 and 2489466.
42
What is the highest common divisor of 6477631 and 82?
41
Calculate the highest common factor of 3432257535 and 3255.
3255
Calculate the greatest common factor of 4856332 and 111763.
1531
What is the highest common divisor of 5360 and 15793776?
1072
What is the greatest common factor of 850151576 and 138276?
15364
What is the highest common divisor of 504 and 45650808?
504
What is the highest common divisor of 298166215 and 155?
155
Calculate the highest common divisor of 7452 and 631212.
276
Calculate the highest common divisor of 62680 and 7960.
40
Calculate the highest common divisor of 1011682 and 16002.
1778
What is the highest common factor of 1200 and 2570896?
16
Calculate the greatest common factor of 66240 and 1825740.
4140
What is the highest common factor of 12066926 and 96638?
458
What is the highest common factor of 18239865 and 84?
21
What is the greatest common divisor of 3391 and 619389887?
3391
Calculate the highest common factor of 10476914 and 14.
14
What is the greatest common factor of 267867 and 2349?
81
Calculate the highest common divisor of 144816 and 50288.
112
Calculate the greatest common divisor of 14880 and 17648.
16
Calculate the highest common factor of 90965508 and 48.
12
Calculate the greatest common factor of 234 and 690417.
117
Calculate the highest common divisor of 1101 and 91281.
3
What is the highest common factor of 7129936 and 4301?
187
What is the greatest common divisor of 98869168 and 106?
106
What is the highest common divisor of 2440510 and 3597?
109
Calculate the greatest common factor of 926645 and 202247.
769
What is the highest common divisor of 249611 and 1717?
17
What is the highest common factor of 8046 and 5406696?
54
Calculate the greatest common factor of 1144575 and 675.
225
Calculate the greatest common divisor of 144 and 130933072.
16
What is the highest common divisor of 80 and 2700640?
80
What is the greatest common divisor of 4234 and 16201766?
146
What is the highest common divisor of 197291 and 20169?
83
Calculate the highest common factor of 991013 and 280256.
151
Calculate the greatest common factor of 101832714 and 17984.
562
What is the greatest common factor of 62 and 194614?
2
What is the greatest common factor of 666905 and 885?
5
What is the highest common factor of 339624 and 11481?
267
What is the highest common divisor of 2460 and 12517080?
60
What is the greatest common divisor of 2366 and 2610356?
14
Calculate the highest common divisor of 522561 and 312.
39
What is the greatest common divisor of 573 and 177545769?
573
Calculate the greatest common divisor of 1724185 and 7369965.
4115
What is the highest common divisor of 156 and 262878564?
156
Calculate the greatest common divisor of 7024775 and 5.
5
Calculate the greatest common divisor of 148297 and 11029.
41
Calculate the greatest common factor of 113088 and 513.
57
What is the highest common divisor of 7390736 and 40?
8
What is the greatest common divisor of 8316773 and 124?
31
Calculate the greatest common factor of 346 and 127638.
2
Calculate the highest common factor of 31310 and 1925410.
310
Calculate the highest common divisor of 41911995 and 59537.
2053
What is the greatest common divisor of 6960 and 2406960?
240
Calculate the greatest common factor of 217100 and 712400.
1300
Calculate the greatest common divisor of 68951808 and 54.
18
Calculate the greatest common factor of 1202674611 and 4967.
4967
Calculate the greatest common divisor of 681728 and 58112.
256
Calculate the greatest common factor of 2108240 and 80.
80
Calculate the greatest common divisor of 201 and 1670458070.
67
What is the greatest common divisor of 60150 and 54050?
50
Calculate the highest common divisor of 6358 and 430848.
374
What is the highest common factor of 15397767 and 102?
51
What is the greatest common factor of 114 and 258091630?
38
Calculate the highest common factor of 30734124 and 444.
444
Calculate the greatest common divisor of 48 and 35675700.
12
What is the greatest common divisor of 215 and 363307?
43
Calculate the greatest common divisor of 107594 and 53176.
46
What is the greatest common divisor of 6493 and 3000974?
151
What is the highest common divisor of 9758 and 3681503?
119
What is the greatest common divisor of 235262 and 338594?
158
What is the highest common divisor of 2512 and 64924524?
628
What is the greatest common factor of 22087766 and 950?
38
What is the highest common factor of 33496 and 62173?
79
What is the highest common factor of 58 and 11413682?
2
What is the highest co